).
-11
Let h(x) = -9*x + 32. Suppose -6 = 7*a - 27. What is h(a)?
5
Let d(o) = 6*o**2 + 4*o + 20. Let t(r) = 7*r**2 + 9*r + 37. Let y(u) = -3*d(u) + 2*t(u). Determine y(-2).
-14
Let y(h) = h**3 + h + 2. Let g(n) = -7 - 3*n + 16 + 19 - 7. Let a be g(7). Let s be a*4*(-3)/(-12). Give y(s).
2
Let l(y) = y**3 + 5*y**2 + 2*y + 3. Let n be 62 - (4 + (-10 - 2)). Let g(a) = -a**3 - 6*a**2 - 4*a - 3. Let s be g(-7). Let f = n - s. Determine l(f).
11
Suppose 4531*u - 4545*u - 14 = -0. Let a(q) = 74*q**2 - 2*q - 1. What is a(u)?
75
Let i(d) be the first derivative of 5*d**4/2 + d**3/3 - d**2/2 - 2*d - 1300. What is i(-1)?
-10
Let j(r) = 2*r**3 - 2*r + 1. Let l(a) be the first derivative of 13*a**4/4 + 8*a**3/3 - 2*a**2 + 12*a + 198. Let g(s) = -6*j(s) + l(s). Give g(-7).
-1
Let v(x) = 298*x - 3584. Let n be v(12). Let g(m) = -m**2 - m + 4. Calculate g(n).
-52
Let v(f) be the second derivative of 1/3*f**3 - 9*f**2 - 16*f + 0. What is v(9)?
0
Suppose -4*y = -x + 4*x - 14, x = -5*y + 12. Let h(q) = -2*q**2 + 6 + 10 + y*q**3 + 5*q**2 - 13. Calculate h(-3).
-24
Suppose 0 = -8*y - 8*y + 187429 - 187349. Let t(r) = 144*r - 728. Give t(y).
-8
Let l(w) = 1611*w - 1622*w - 4*w**2 + 10 + 5*w**2 + 5*w**2 - 5*w**2. Give l(0).
10
Let h(u) = 8*u + 52. Suppose 0 = 96*o - 92*o + 44. Determine h(o).
-36
Let j(k) = k**2 - 6*k. Let y be j(9). Suppose -x + 147 = 6*x. Let h = y - x. Let l(d) = -d**2 + 7*d - 5. What is l(h)?
1
Let m(q) = 7*q - 7. Let v(d) = -7*d + 3. Let s(f) = -6*m(f) - 5*v(f). Let b(u) = -2*u + 10. Let j(h) = -11*b(h) + 4*s(h). Determine j(-2).
10
Let q be 2/(0 + 0 - 1). Let z(g) = -47*g + 10*g + g - 1 + 34*g. Give z(q).
3
Let z(k) be the third derivative of -3*k**4/2 - 217*k**3/6 + 106*k**2 - 36*k. Determine z(-6).
-1
Let v(m) = -3477543*m**2 - 11*m + 3477544*m**2 + 29*m + 25. Determine v(-17).
8
Suppose 27 = -3*g + 10*x, -3*g - 11 = -2*g - 4*x. Let y(d) = 2*d**3 - d**2 + 3*d - 4. What is y(g)?
0
Let y(p) = 5*p + 58. Suppose 4*t = 20, -31*t + 35*t + 28 = -4*l. Calculate y(l).
-2
Let v(d) = d**3 + 12*d**2 - 14*d - 23. Let c(i) = i**2 + 6*i - 13. Let q be 0*(-9)/36*1/(-2). Let a be c(q). What is v(a)?
-10
Let w(v) = -v**2 - v + 2. Let f(g) = 4*g**2 + 20*g + 22. Let y(d) = -f(d) - 3*w(d). Determine y(-15).
2
Suppose o - 23 = 3*o + 7*a, 3*a = -4*o + 31. Let b(g) = -13*g + g**3 - 8*g**2 - 4*g**2 - 4 + 0. What is b(o)?
-4
Let z(g) be the second derivative of g**5/20 + 7*g**4/6 - 9*g**3/2 + 35*g**2 - 5*g - 18. Calculate z(-16).
-10
Let h(n) = 147 + 135 + 2*n - 380 + 121. Determine h(-13).
-3
Let n(z) be the first derivative of 7*z**2 - 8*z - 8735. Calculate n(0).
-8
Let y(m) = 2*m - 1. Let g(p) = 3*p + 12. Suppose 35*n - 32*n = 6. Let c be -2 - n/6*3. Let s be g(c). Give y(s).
5
Let a(r) = -1 + 218385536*r - 5 - r**2 - 218385542*r. Let o(x) = -x**2 + 4*x + 8. Suppose -5*b = -8 - 22. Let p be o(b). Determine a(p).
2
Let r(w) = -57*w**3 + 17*w**2 - 46*w - 1. Let z(p) = 80*p**3 - 26*p**2 + 69*p + 1. Let g(i) = -7*r(i) - 5*z(i). Give g(7).
37
Let w(s) = 2670*s - 48057. Let k be w(18). Let u(p) = -6*p**2 + 4 + p**3 + 0 + 4*p - 3*p. What is u(k)?
-20
Let w = -17 - 33. Let b = 49 + w. Let v(q) = -3*q + 6 - 1 - 2 - 2. Determine v(b).
4
Let z(w) = -416 + w**2 + 18*w + 229 + 202 - w. Determine z(-12).
-45
Let y(f) = f**3 - 14*f**2 + 13*f - 17. Let r be (22 + (-16)/(-4))*(-8)/(-16). Determine y(r).
-17
Let u(n) = n**3 + 14*n**2 - 145*n - 20. Let h be u(7). Let j(o) = -o**2 - 6*o - 5. Determine j(h).
-5
Let o(z) = -z**3 - z**2 - z + 21. Let h(d) = 4*d - 98. Let s be h(22). Let u be 4/s - ((-44)/10 + 4). What is o(u)?
21
Let l(y) = -7*y**3 - 3*y**2 + 21*y + 24. Let z(a) = 2*a**3 - 3*a**2 - 5. Let t(q) = l(q) + 3*z(q). Determine t(-14).
107
Let h(i) = -4565474 - 6*i + 23*i + 4565423. Determine h(7).
68
Let c(y) = -2*y + 3714 - 4*y**2 - 3716 + y**3 - 2*y. Calculate c(5).
3
Suppose 2*l + 4*l + 48 = 0. Let d(z) = 2*z + 20. Let s be d(l). Suppose s + 1 = -5*a. Let c(w) = 5*w - 1. Calculate c(a).
-6
Suppose -b = -5*a + 31, -5*b - 14*a = -19*a + 55. Let r(z) = -z**3 - 4*z**2 + 20*z + 11. Give r(b).
-37
Let l(y) = 13*y**2 + 3*y - 37. Let x(b) = 3*b**2 + b - 9. Let n be (-104)/234 - 157/(-9). Let o be 9/4 - n/68. Let c(r) = o*l(r) - 9*x(r). What is c(-5)?
-3
Suppose 2*y - 2 = -0*y. Let o(n) = -14*n**2 + 15*n + 24. Let t(m) = 6*m**2 - 7*m - 11. Let v(c) = 6*o(c) + 13*t(c). Give v(y).
-6
Let k(p) be the second derivative of 59*p**3/6 - 3*p**2/2 - 8*p - 90. What is k(1)?
56
Let b(g) = 4*g + 1. Let c(f) = 4*f + 1. Let w be 4/8*-1*(-11 - -1). Let h(k) = w*c(k) - 4*b(k). Determine h(3).
13
Let l(v) = v - 7. Let m = -136 + 146. Suppose -5*u + 0*u = -n - m, -4*n = 3*u - 6. What is l(n)?
-7
Let r(s) = -8*s - 11. Suppose -18*b + 85 = -5. Let h(m) = 13*m + 22. Let u(w) = b*r(w) + 3*h(w). Give u(9).
2
Let h(f) = -4*f + 3504 - 1753 - 1744 + f**3 + 35*f**2 - 33*f**2. Calculate h(-4).
-9
Let v be (-76)/(6/(48/1)). Let k be (-4)/38 + (-672)/v. Let t(j) = -10*j**2 + j + 1. Calculate t(k).
-8
Let f be 8 - 4 - (-1 - -9). Let z(w) be the first derivative of 1/2*w**2 + 7*w + 12. What is z(f)?
3
Let p = -3 + 1. Let z(f) = 38*f - 83*f - 20 + 21 + 41*f - f**2. Give z(p).
5
Suppose 2*a = 7*l - 2*l + 60, 2*a - 36 = -l. Let x be (25/a)/((-3)/24). Let p(h) = 2*h + 6. What is p(x)?
-14
Let s(u) = -10*u - 20 - 2*u - 8*u + 23*u - 4*u. What is s(-25)?
5
Let s = 74 + -168. Let c = s + 98. Suppose c*w - 30 = -54. Let x(b) = -b**2 - 6*b + 4. Calculate x(w).
4
Let z(x) = -15*x - 7. Let a = -4571 + 4568. What is z(a)?
38
Let j(o) be the first derivative of o**4/4 + o**3/3 - o**2/2 + 4*o + 1. Suppose 25*y - 4*y = -168. Let c be (-21 - -12 - y) + -1 + -1. Determine j(c).
-11
Let n(g) = 3*g - 19 + 0*g - g**3 + 3*g - 7*g + g**2. Suppose 26*z = z. Determine n(z).
-19
Let z(m) = m**2 + 5*m + 1. Let d = 341 + -78. Let v = 257 - d. What is z(v)?
7
Let x(q) be the first derivative of -q**5/60 + q**4/24 + 11*q**3/3 + 87*q**2/2 + 89. Let j(c) be the second derivative of x(c). Calculate j(0).
22
Let u(x) = 13*x + 5. Let t(m) = 7*m + 3. Let v(d) = -7*t(d) + 4*u(d). Let j be 1*(0 + 0)/1. Suppose -2*l - 3*l + 35 = j. Give v(l).
20
Let a be ((-46)/207)/(10/(-45)). Let f(q) = 4*q**3 + q**2 - 1. Give f(a).
4
Let u(b) = -2*b**3 - 9*b**3 - 2*b**2 + 2*b + 0 - 1. Suppose 0 = -3*d + 6, 4*t - 36 = 2*t + 3*d. Suppose t*j = 13*j + 8. Give u(j).
-12
Let w(r) be the third derivative of -71 - 1/6*r**3 + 7/8*r**4 + 0*r - 2*r**2. Give w(1).
20
Let o(d) = -8*d**2 + 113*d - 8. Let c be o(14). Let p be (3/c)/((-3)/30) - -9. Let r(x) = x**2 - 6*x + 1. Calculate r(p).
-7
Let b be 9/((-36)/(-8)) + (-7 - -5)/2. Let j(y) = -4*y + 3. Let s(g) = g - 1. Let q(n) = 4*j(n) + 14*s(n). Determine q(b).
-4
Let y be 13817/369 + -37 + (-13)/9. Let f(k) = 15*k - 3. Calculate f(y).
-18
Let y(n) = n**2 + 7*n + 5. Let p(h) = 1. Let g(c) = p(c) + y(c). Suppose 605 - 306 = -53*t - 19. What is g(t)?
0
Let s(j) = -j - 19. Let r be (26/(-3))/(13 + 190/(-15)). Calculate s(r).
7
Let v(o) be the third derivative of 0 - 54*o**2 + 1/3*o**3 + 7/24*o**4 + 0*o + 1/60*o**5. Calculate v(-8).
10
Let t(c) = -16*c + 43. Let f(o) = 11*o - 29. Let i(q) = 7*f(q) + 5*t(q). Let k be i(0). Suppose p + k = 9. Let w(m) = m**3 + m**2 - m + 2. Determine w(p).
-13
Suppose -5*z + 29 = 2*t, -3*z + 26 = 2*t + z. Suppose -2*m = -t - 11. Suppose -3*o + 6*o + 9 = 4*u, 0 = -3*u + m. Let g(y) = -10*y**3 + 2*y**2 - y. Give g(o).
-9
Let k(b) = -43*b - 428. Suppose -12 - 377 - 301 = 69*h. Calculate k(h).
2
Let p(x) = -x**3 + 8*x**2 - 4*x + 11. Suppose -311 = -18*u - 167. What is p(u)?
-21
Let v be -2*(0 + (-2)/(-4))*(-18480)/770. Let k(n) = -n**2 + 21*n + 73. What is k(v)?
1
Let x(j) be the second derivative of -j**3/6 + 60*j. Let a(w) = 5*w + 5. Let u(y) = -a(y) - 4*x(y). What is u(-10)?
5
Let g(f) be the third derivative of -f**6/360 - f**5/12 - 11*f**4/24 - 55*f**3/6 - 143*f**2. Let d(x) be the first derivative of g(x). What is d(-8)?
5
Let c(u) = u**3 - 4*u**2 - 3*u - 13. Suppose 26*x = 24*x + 10. Let t be c(x). Let h(w) = w**2 + 6*w - 3. What is h(t)?
-12
Let z(l) be the third derivative of l**7/2520 - 11*l**5/120 - 53*l**4/12 + 40*l**2. Let x(j) be the second derivative of z(j). Calculate x(0).
-11
Let q(l) = 9*l + 245. Let c be q(-22). Let g(m) = 23*m + m**2 - c*m + 28*m + 1. Determine g(-2).
-3
Let l(